 Calculate the highest common factor of 1 and s.
1
Let b(k) = k**3 - k**2 + 4*k + 6. Let y be b(5). Let h be 2 + y/2 + -1. Calculate the highest common divisor of 16 and h.
16
Let i(s) = -s**2 - 15*s + 21. Let j be i(-15). Let v(w) = 12*w**2 - w. Let a be v(3). What is the highest common factor of j and a?
21
Let p be 66 - (0 + 2*-1). Let f = 26 + -6. Suppose 5*a + 4*d - 69 = 0, 0*d + f = -5*d. Calculate the greatest common factor of p and a.
17
Let y be (-6)/14 - (-52)/7. What is the greatest common divisor of 7 and y?
7
Let c(h) = 10*h**2 + 2. Let z be c(-1). Let m(f) = -19*f - 2. Let x be m(-2). Calculate the highest common divisor of z and x.
12
Let q = 25 - 22. Suppose q*p = 4*p - 17. What is the highest common divisor of 153 and p?
17
Let u = -6 - -21. What is the greatest common divisor of 15 and u?
15
Suppose -10 = 2*u - 4*h, -4*u + 11 = 4*h - 5. Calculate the greatest common factor of 4 and u.
1
Suppose -5*z + 98 = h, -z - 2*z = h - 58. What is the highest common factor of z and 4?
4
Let r be 4/((-1)/(-2) + 0). Suppose -4*q + 2*q = -10. Let m = q + 3. What is the highest common factor of m and r?
8
Let i(b) = -2*b + 27. Let c be i(-9). Calculate the greatest common factor of 315 and c.
45
Suppose g = 3*g - 3*v - 159, g - 2*v = 80. Suppose -4*r - w = -0*r - 207, 5*r - 255 = -5*w. What is the greatest common factor of r and g?
26
Let h be 168/9*(1 + 2). Calculate the highest common divisor of h and 7.
7
Let s = 39 + -21. Suppose 0*a = -3*a + 15. Suppose -a*c = 5 + 15, 0 = 4*k + 3*c - 36. What is the highest common divisor of s and k?
6
Let i(p) = -p**3 - p**2 - p + 12. Let u be i(0). Let x be 3/(-1) + -1 + 88. Calculate the highest common factor of u and x.
12
Suppose 2*x + 138 = 2*g, -3*g - x - 4*x = -167. Suppose 0 = -0*w - 3*w + 48. What is the highest common divisor of w and g?
16
Let h = -12 + 65. Suppose 5*r + h = -3*b, 2*r - 23 = 4*r + 3*b. Let s be (4/r)/(3/(-90)). Calculate the highest common divisor of s and 24.
12
Let n = 12 - 7. What is the greatest common factor of n and 20?
5
Suppose -2*j = -j + i - 7, -3*j + i + 1 = 0. Let s = 3 - j. Suppose -4 = 3*r + 3*y - s, -26 = -2*r + 5*y. What is the greatest common factor of 21 and r?
3
Let p(x) = -x**3 + 7*x**2 - 6*x + 4. Let l be p(5). Let v be 14/8 - (-6)/l. Let i = -2 + 3. Calculate the highest common factor of v and i.
1
Let o = -13 + 25. Suppose o = 4*k + 80. Let f = k + 26. Calculate the highest common divisor of f and 81.
9
Let k = -26 - -50. Calculate the greatest common factor of 84 and k.
12
Let m(y) = -y**3 + 4 - 10 + 4*y**2 - 7*y + 5*y**2. Let o be m(8). Let q be -2 - (0 - (o - -1)). What is the highest common divisor of 1 and q?
1
Suppose -7*o + 3*o = -252. Suppose -3*q + 63 = -0*q. What is the greatest common divisor of o and q?
21
Let c(u) = 3*u**2 + 2*u - 2. Let q be c(1). Suppose 5*s - 42 = -m, m - 2*s = -q*m + 168. Calculate the highest common factor of m and 14.
14
Let f(w) = -3*w - 24. Let g be f(-11). What is the highest common factor of g and 9?
9
Let r = 164 - 36. Suppose 0 = 2*n + 6 - 38. What is the greatest common factor of r and n?
16
Suppose 4*q - 88 = 2*q. Calculate the highest common factor of 4 and q.
4
Let w = 80 + -1. Let d = w - 23. Calculate the greatest common factor of 7 and d.
7
Suppose 4*q = c + 26, 2*q = -13 + 5. Let k be (-3)/(3 + c/15). Let n be (42/k)/(1/(-5)). Calculate the greatest common factor of n and 126.
14
Suppose 3*j + 2*j = 90. Let t = 68 + 22. Suppose -l + t = l. Calculate the greatest common factor of l and j.
9
Let f(k) = -17*k + 6. Let a be f(-5). Let u be (-654)/10 - (-14)/35. Let b be (u/(-15))/(2/6). What is the greatest common factor of a and b?
13
Let g = 16 + 3. Let b = 0 + g. Let n = b + -13. Calculate the greatest common divisor of 60 and n.
6
Let w = 47 + -90. Let b = w - -83. What is the highest common divisor of b and 10?
10
Let x(h) = -10 + 1 + h + 0*h. Let o be x(6). Let d(l) = -2*l + 3. Let f be d(o). What is the highest common divisor of 81 and f?
9
Suppose -i = 2*i. Suppose i*q = -2*q + 462. What is the highest common factor of 21 and q?
21
Suppose -5*d + 3*d + 506 = -4*x, -x - 1292 = -5*d. Calculate the highest common divisor of 37 and d.
37
Suppose -2*u + 16 = 4. Suppose -4*n - 124 = 4*q - 0*q, 0 = -4*n + 3*q - 117. Let i be (-552)/n - (-4)/(-10). What is the highest common divisor of u and i?
6
Let i(t) = -t**3 + 8*t**2 + 6*t + 8. Let q be i(10). Let z = -72 - q. Calculate the greatest common divisor of 12 and z.
12
Suppose -4*r + 2 = 2*x, -x - 13 = 4*r - 2*x. Let d be (-21)/(-14) - 7/r. What is the highest common divisor of d and 5?
5
Let n be ((-7)/(-4))/((-8)/(-64)). Let u(q) = q**3 - 13*q**2 - 13*q - 12. Let b be u(n). What is the highest common factor of b and 1?
1
Let p be 8/(-6)*3/(-2). Let z = -46 - -49. Calculate the greatest common factor of z and p.
1
Suppose 0 = 5*w + 5*y + 20, -3 = -2*y - 13. Let m(h) = 9*h**3 + h**2 - 1. Let j be m(w). Let a = -2 - -8. Calculate the highest common divisor of j and a.
3
Let z(a) = 12*a**2 - 2*a + 1. Let s be z(1). What is the highest common divisor of s and 11?
11
Suppose -o - o - 2 = 0. Let f be (-1 - -15) + o + -2. What is the highest common factor of f and 99?
11
Let u be -88*(1 + (-33)/12). Calculate the greatest common factor of u and 14.
14
Let x = -22 - -30. Calculate the greatest common factor of 40 and x.
8
Let p = 5 + -1. Let c be (3 - (p - 2))/1. Let u be 12/3 + c + 1. Calculate the greatest common factor of 66 and u.
6
Let c = -9 + 17. Suppose -c*a + 2*a + 90 = 0. What is the greatest common factor of 3 and a?
3
Suppose -4*k = -l - 121, l - 4*l + 133 = 4*k. Calculate the highest common divisor of k and 31.
31
Suppose 0 = 5*k + 5*s - 170, -k - 2*s + 22 = 2*s. Calculate the highest common divisor of k and 95.
19
Let b(r) = r**2 - 8*r + 3. Let w be b(7). Let o(z) = -6*z + 1. Let g be o(w). Calculate the highest common factor of g and 10.
5
Let s be ((-29 + -6)/(-5))/(1/4). Calculate the greatest common factor of 7 and s.
7
Let d be 2 + (-3)/(-6 - -5). What is the highest common divisor of d and 35?
5
Let u(h) = -30*h. Let c be u(-2). Calculate the highest common divisor of c and 24.
12
Let f = -20 - -35. Let z = -35 + 50. Calculate the greatest common factor of z and f.
15
Let g be (-410)/(-30) + (-1)/(-3). What is the highest common divisor of 7 and g?
7
Let t = 2 + 2. Suppose -6*r + 24 = -2*r - 4*q, -3 = q. Suppose 135 = 3*x - r*o, x + 3*o = -4*x + 217. Calculate the greatest common divisor of x and t.
4
Let w = -5 - -3. Let n be w/(0 - -1)*1. Let u be 11*3/(1 - n). Calculate the greatest common factor of u and 44.
11
Suppose -18 = -4*p + 2*g - 0*g, 5*p = -4*g - 10. Suppose -5*u = -0*x - p*x + 60, 4*x + 3*u = 120. What is the greatest common factor of x and 75?
15
Let u = 5 - 1. Calculate the greatest common factor of 28 and u.
4
Suppose 2*g = -5*g + 882. What is the highest common divisor of g and 14?
14
Let j = -109 + 159. Calculate the greatest common divisor of j and 125.
25
Let j be 2*17 - (2 + -2). Let o be 4/(-8) + j/4. Let v = 111 + -23. Calculate the highest common divisor of v and o.
8
Let g(m) = -2*m**3 - 11*m**2 - m. Let p be g(-6). What is the highest common factor of 84 and p?
42
Suppose 4*h + 1 = 9. Let n be 8/h - (6 + -29). What is the greatest common divisor of n and 270?
27
Suppose 3 = 5*d - 2*d - s, 3*d = -s + 9. Suppose 4*v + m - 43 = 0, 2*v + 0*m = -d*m + 14. Calculate the greatest common divisor of v and 12.
12
Suppose -3*c = 12, -2*h + 4*c + 12 = 3*c. Suppose h*f = -f + 225. Calculate the highest common divisor of 15 and f.
15
Let g(u) = 0*u - 13*u + 0*u - 4. Let d be g(-4). Suppose 13 = f - 19. What is the greatest common divisor of f and d?
16
Let a be 2*(-214)/(-4) + -2. Let k be -1 - -1 - -5*3. Calculate the greatest common divisor of k and a.
15
Suppose -10*k = -13*k + 33. Calculate the greatest common divisor of k and 33.
11
Let g be (-3)/(-1) + -4 + 82. Suppose -2*d + 107 = -1. What is the greatest common divisor of d and g?
27
Let w be (12 + 0)*13/3. What is the greatest common factor of w and 13?
13
Suppose -5*h + 5*u - 25 = 0, 0 = h + u - 5 + 20. Let r = h + 91. Suppose 0*t + 3*t = 6, -4*l - 4*t + 44 = 0. Calculate the highest common divisor of r and l.
9
Suppose 0 = -5*j + 2*q + 221, 6*q = -5*j + q + 235. What